 12.
-a38a2
What is -121346 (base 8) in base 2?
-1010001011100110
What is 35541 (base 13) in base 4?
113310132
What is 1133030 (base 4) in base 12?
3638
What is 1000100001010100111 (base 2) in base 11?
180855
What is 223311333 (base 4) in base 2?
101011110101111111
16232101 (base 7) to base 5
400232430
Convert -221331000 (base 4) to base 7.
-1313664
What is -1800122 (base 9) in base 16?
-f519e
-732113 (base 8) to base 2
-111011010001001011
1836465 (base 10) to base 13
4c3b87
Convert 1335894 (base 14) to base 6.
530433402
What is 1011111011100100011 (base 2) in base 3?
201212021112
10011001011101100 (base 2) to base 9
128702
What is -1130102202 (base 4) in base 6?
-12034030
-2112210110201 (base 3) to base 9
-2483421
201132331110 (base 4) to base 11
4a55787
59137 (base 10) to base 12
2a281
-181663 (base 10) to base 11
-114539
Convert 1032231431 (base 5) to base 4.
20133232230
Convert 574601 (base 9) to base 3.
122111200001
Convert 61a80 (base 14) to base 2.
111001011100110000
What is 2202010200 (base 3) in base 2?
1101001100011101
320012223 (base 4) to base 6
4531523
Convert 47374743 (base 8) to base 10.
10353123
What is 15ba7 (base 15) in base 8?
210764
-7257473 (base 9) to base 16
-3b2683
-101110110000101001111 (base 2) to base 6
-52501411
What is 130213121 (base 4) in base 2?
11100100111011001
101100000121110 (base 3) to base 9
11300543
-6eef2 (base 16) to base 10
-454386
120310131 (base 4) to base 9
164406
What is 10403220 (base 5) in base 6?
1541324
Convert -6126051 (base 10) to base 15.
-8101d6
Convert 1111130 (base 11) to base 15.
28760d
Convert 584472 (base 11) to base 7.
10614220
What is -23459 (base 13) in base 15?
-14178
251263 (base 7) to base 5
2433410
453461 (base 7) to base 15
18cbb
Convert -12332102 (base 4) to base 15.
-86e2
Convert -13113033 (base 4) to base 6.
-351343
What is -1662663 (base 10) in base 5?
-411201123
Convert -6d609 (base 15) to base 13.
-c2acc
What is 2063621 (base 7) in base 6?
5214122
Convert -332320313 (base 5) to base 13.
-3b9238
What is 12032233 (base 4) in base 15?
7864
324140204 (base 7) to base 12
6615232
Convert 700c7c (base 13) to base 4.
21323003132
Convert -10111100000101111000 (base 2) to base 16.
-bc178
-6079306 (base 10) to base 4
-113030031022
What is 9b7126 (base 13) in base 12?
1290790
What is b61265 (base 12) in base 4?
22323020231
Convert 21520214 (base 7) to base 12.
754895
What is -2c96e (base 16) in base 8?
-544556
Convert 97b1b (base 13) to base 9.
457250
-12021001112022 (base 3) to base 4
-22222221011
Convert e8b976 (base 16) to base 12.
513635a
-23a7978 (base 11) to base 4
-33331102020
10e40 (base 16) to base 8
207100
10101110011001101100 (base 2) to base 16
ae66c
2201a97 (base 11) to base 12
1366427
What is 6b680 (base 15) in base 9?
571543
-1c9718 (base 14) to base 11
-640033
What is -10000011202 (base 3) in base 6?
-1133545
Convert 26581b4 (base 13) to base 10.
12042073
-3000140022 (base 5) to base 7
-100565106
What is 1c79c (base 14) in base 5?
4312404
-17c1640 (base 14) to base 8
-54667250
-465bc6 (base 15) to base 5
-1330021121
-11101011320 (base 5) to base 13
-2687367
What is 11131013311 (base 4) in base 6?
50352221
What is 3da64 (base 14) in base 6?
3140104
What is -3977a6 (base 12) in base 8?
-3470256
What is 1121546 (base 9) in base 5?
123323123
What is -710741 (base 8) in base 4?
-321013201
Convert -6a4bc8 (base 13) to base 7.
-30312060
Convert 2521c (base 15) to base 9.
200620
Convert 2a14578 (base 12) to base 5.
4133114443
Convert 106639 (base 12) to base 9.
435720
-17bd5 (base 14) to base 16
-ea3f
What is 2042510 (base 7) in base 16?
3c050
Convert 13120670 (base 8) to base 5.
1222044414
313431002 (base 5) to base 6
44035105
What is -5600650 (base 7) in base 14?
-13d360
What is -51085 (base 10) in base 5?
-3113320
Convert -608147 (base 14) to base 3.
-20010002000002
What is 6634734 (base 9) in base 10?
3566137
2233221010 (base 4) to base 9
1315774
Convert -d984 (base 16) to base 7.
-321226
Convert -1521402 (base 6) to base 16.
-159aa
310451345 (base 6) to base 12
1963b55
What is 507073 (base 8) in base 6?
3331215
What is 62212 (base 15) in base 2?
1001011111010110111
-10213320242 (base 5) to base 6
-1020544204
-1111000010000101101 (base 2) to base 10
-492589
462664 (base 10) to base 9
774581
Convert 11727030 (base 8) to base 2.
1001111010111000011000
-11011100111001011010 (base 2) to base 15
-12d149
What is 20111003 (base 5) in base 7?
1234563
What is 343520 (base 9) in base 14?
55105
Convert -31220424 (base 5) to base 14.
-69c50
3332213 (base 4) to base 9
24315
What is 15465465 (base 8) in base 4?
31212230311
What is -874c6 (base 13) in base 14?
-6526d
Convert -5b82a (base 14) to base 3.
-102101002111
What is -10210200202 (base 3) in base 15?
-172ae
Convert -18224a (base 12) to base 3.
-210021002211
Convert -333200110 (base 4) to base 15.
-52111
302432103 (base 5) to base 16
1294f2
4033546 (base 8) to base 13
2b2968
-151640043 (base 7) to base 16
-9a46b2
What is -23022002202 (base 4) in base 16?
-2ca0a2
What is -3005035 (base 8) in base 15?
-108bb6
Convert -4656550 (base 12) to base 8.
-63544214
-122231210213 (base 4) to base 6
-410030315
Convert -59da2 (base 16) to base 9.
-620756
What is -101200000211 (base 3) in base 11?
-133836
-111010110222222 (base 3) to base 13
-15a3a72
-62640131 (base 7) to base 6
-305153105
630444 (base 7) to base 14
2b65b
Convert -25833 (base 12) to base 14.
-149a7
-362524 (base 11) to base 5
-121334132
24542533 (base 6) to base 11
4a0487
What is 22302 (base 16) in base 13?
4b97b
-10441201 (base 5) to base 3
-11201222121
Convert -115cdbd (base 15) to base 11.
-7031458
4220545 (base 6) to base 10
204977
Convert 109328 (base 12) to base 5.
31433343
Convert 10110000100100011010 (base 2) to base 8.
2604432
What is 35be2 (base 16) in base 5?
24021010
13254430 (base 6) to base 15
8b3ac
Convert 637724 (base 8) to base 16.
33fd4
-1522424413 (base 6) to base 2
-1001001000110101000011001
-1001001000010 (base 2) to base 12
-2856
What is -1135106 (base 8) in base 4?
-1023221012
Convert -201604 (base 7) to base 15.
-a23a
Convert 12130232 (base 4) to base 5.
1321124
Convert 2a312d (base 14) to base 16.
166775
What is -42221431 (base 7) in base 12?
-12410a7
-11100001010110010 (base 2) to base 13
-40693
Convert 2272405 (base 10) to base 7.
25213042
Convert -1651aa0 (base 11) to base 12.
-b3838b
What is -113dc (base 15) in base 2?
-1101011001100010
Convert -10122100000 (base 3) to base 4.
-101200011
66994 (base 14) to base 12
10001a
1128b9 (base 13) to base 12
176988
Convert 23111123 (base 4) to base 8.
132533
22b8935 (base 12) to base 13
1510631
111111001102 (base 3) to base 9
444042
What is 221222242 (base 5) in base 11?
5a6a79
Convert 26640 (base 10) to base 7.
140445
Convert -2540010 (base 7) to base 10.
-328944
Convert 14f2e4 (base 16) to base 4.
11033023210
What is -5531 (base 6) in base 10?
-1279
What is -23231002000 (base 4) in base 5?
-1241134112
What is 440554505 (base 6) in base 12?
2782a35
-76bf (base 16) to base 13
-10ab5
-101261625 (base 7) to base 10
-5931126
dc16a (base 14) to base 7
4345563
Convert -263859 (base 10) to base 6.
-5353323
1261640 (base 7) to base 2
101000100110111110
Convert 1f71b2 (base 16) to base 4.
13313012302
Convert -65121 (base 13) to base 10.
-182547
-43085e (base 16) to base 8
-20604136
570646 (base 10) to base 15
b4131
What is 10010102012001 (base 3) in base 5?
411132102
-106c705 (base 14) to base 8
-35567241
What is -10220013112 (base 4) in base 8?
-4500726
What is 3226894 (base 10) in base 4?
30103310032
Convert c9a6a4 (base 14) to base 12.
2353748
-eaeff (base 16) to base 12
-3a4a7b
What is -6708a (base 14) in base 12?
-1006aa
Convert -6148c (base 16) to base 5.
-100222401
Convert -5340033 (base 9) to base 10.
-2860626
Convert 6450665 (base 7) to base 8.
2776074
4324365 (base 7) to base 4
2000300121
Convert -4400332 (base 5) to base 7.
-431633
Convert 34451 (base 10) to base 11.
2397a
320324302 (base 5) to base 11
835290
What is -117baa8 (base 13) in base 5?
-2342032044
What is -433443402 (base 5) in base 12?
-757b37
11000110011100011100 (base 2) to base 12
332478
110110022111211 (base 3) to base 7
110160253
What is -77943 (base 15) in base 14?
-9c732
Convert 23536025 (base 8) to base 11.
2a04830
What is 38c0e9 (b